-7
Let f(t) = -3*t. Let c(l) = -4*l + 1. Let y = -8 + 6. Let w(o) = y*c(o) + 3*f(o). Calculate w(-1).
-1
Let v = -10 - -13. Suppose -h = -4*h - v. Let d(p) = 3*p**3 + p**2 - 1. What is d(h)?
-3
Let l(b) = 3*b - 1 + 5 - 8. Give l(4).
8
Let v(o) = 6*o**2 + 6*o + 10. Let m(g) = 2*g**2 + 2*g + 3. Let n(z) = -16*m(z) + 5*v(z). Determine n(-2).
-2
Let s(z) = 2*z**3 - z**2 + 6*z + 1. Let g(f) = -f**3 + f**2 - 3*f. Let p(n) = -5*g(n) - 2*s(n). Give p(2).
0
Let o = 3 - 3. Let m(n) = o*n**2 + 5*n**2 + 1 - 3*n - n**3 - 2*n. What is m(4)?
-3
Let t(a) be the second derivative of -a**3/6 + a**2 + 7*a. Determine t(0).
2
Let y(v) be the third derivative of v**5/30 + 5*v**4/24 + v**3/3 + 3*v**2. Let w be y(-3). Let j(h) = -h**2 + 4*h - 1. Calculate j(w).
-6
Let c = -9 + 14. Let y(r) = 3*r - 5 - 7 + c. Let q = 1 - -4. What is y(q)?
8
Let p(d) = d**3 - d**2 + 4*d - 6. Let k(n) = -n + 2. Let l(q) = -3*k(q) - p(q). Let v = -5 + 3. Let g = v - -4. What is l(g)?
-6
Suppose 5*y - i = -14, -3*y - 3*i + 0 = -6. Let w be (3/y)/(3/(-6)). Suppose 5*v = -5 + 20, 5*h - 24 = -w*v. Let n(k) = -k**2 + k - 1. What is n(h)?
-7
Let u be -8*1*(-3)/(-4). Let y(v) = 7*v**2 + 6*v + 6. Let w(a) = 14 - 3*a**2 + 21*a**2 - 3*a**2 - 2 + 12*a. Let m(z) = u*w(z) + 13*y(z). What is m(-5)?
1
Let i(s) = -s + 1. Let z(h) = h**2 - 6*h + 1. Let a(o) = 5*i(o) - z(o). Calculate a(3).
-2
Let m(g) = -2*g - 3. Suppose -7 = -4*s - 3*c, 0 = -s - 2*s - 2*c + 4. Let w(n) = -n - 2. Let t be w(s). Suppose t = -2*k + 7 + 1. Calculate m(k).
-11
Let t(i) be the second derivative of i**3/6 - 5*i**2/2 + 4*i. Calculate t(5).
0
Let k(x) = -x**2 - 3*x + 2. Let d be k(-3). Let u(t) = -2*t**2 + 2*t. Calculate u(d).
-4
Let u(h) be the third derivative of h**6/120 - h**5/12 + h**3/3 + 6*h**2. What is u(4)?
-14
Let q = 8 + -6. Suppose 0 = -f + q + 4. Let b(x) = x. Calculate b(f).
6
Let n = -6 - -4. Let z be 4 - (-2 - 4/n). Let f(q) = -3*q + z*q + 1 + 3*q**2 - 2. Calculate f(1).
3
Let n(c) = -c**3 - c**2 + c + 3. Suppose 5*t - 10 = 35. Let d = 9 - 0. Let g = d - t. Give n(g).
3
Let f(d) = -d**3 + 4*d**2 + 6*d - 7. Let p(l) = 5 - 4*l + 0 - 5*l**2 + 4*l**2. Let i be p(-4). Calculate f(i).
-2
Let l(h) = -1 - 2*h + 0 + 7*h**2 + 3*h. Let w(s) = s**3 + 2*s**2 + s + 1. Let p be w(0). Give l(p).
7
Let m be 4/(-6)*(-8 - -5). Let z(f) = -1 - 3*f**2 + 0*f + 3*f + 4*f**m + 0*f**2. What is z(-4)?
3
Let t = -7 + 17. Suppose -2*z + 4*f + t = 0, z + 4*z + 4*f = 11. Let q(p) = -z*p + 0*p**2 + 2 - p**3 - 2*p**2 - 4. What is q(-2)?
4
Let g(z) = -z**3 - 10*z**2 - z - 7. Suppose 9 = -3*b, 2*b = -5*y - 0*b - 56. Let c be g(y). Let m(t) = t**2 - 3*t + 2. Give m(c).
2
Let x(i) be the second derivative of i**7/2520 + i**4/12 - 3*i. Let r(f) be the third derivative of x(f). Let y be (-40)/140 + 12/(-7). What is r(y)?
4
Let k(c) be the first derivative of -c**4/4 + 5*c**3/3 - c**2 - 3*c - 3. Let i = 11 + -7. Calculate k(i).
5
Let x(y) = -y + 6. Let n be x(6). Let r(i) be the first derivative of -i**2/2 - 8*i - 7. Calculate r(n).
-8
Let y = -67 - -67. Let t(p) be the second derivative of -1/6*p**3 + 0*p**2 + p + y. Calculate t(-6).
6
Suppose -5*u + 7*u - 4*z + 28 = 0, 4 = z. Let x(i) = -i**2 - i. Let o(n) = -7*n**2 - 13*n - 1. Let k(y) = o(y) - 6*x(y). What is k(u)?
5
Let g(c) = -c**2 - 6*c - 8. Let b be 3/(-1)*(-21)/(-9). What is g(b)?
-15
Let u(g) be the second derivative of g**4/12 - g**2 - g. Calculate u(-3).
7
Suppose 0*m = 5*m - 15. Let w(r) = -5*r - 2*r**2 + 3*r + m*r - 1. Suppose 0 = 3*s + 3*x + 2*x + 2, 4*x = -4*s. What is w(s)?
-2
Suppose 18 = 2*k + 6. Let y(i) = -3*i**2 + 11*i. Let d(a) = 2*a**2 - 7*a. Let j(x) = -7*d(x) - 5*y(x). Give j(k).
0
Let k(v) = v**2 + 5*v + 3. Let s(b) = b**2 - 10*b + 11. Let h be s(8). Let p be (-8)/3 + h/15. Calculate k(p).
-3
Let z(k) be the first derivative of 1/3*k**3 - 5/2*k**2 - 3 + 6*k. Give z(5).
6
Suppose -5*d = 3*h + h - 5, 5*h = -d + 22. Let v(o) = o**2 - 4*o + 3. Give v(h).
8
Let c(u) be the second derivative of -u**6/24 + u**5/30 + u**4/24 + u**2/2 + 3*u. Let t(f) be the first derivative of c(f). What is t(-1)?
6
Let y(h) = -3*h - 2. Let b(k) = 8*k + 6. Let o(z) = -4*b(z) - 11*y(z). Give o(0).
-2
Let a(j) be the third derivative of 0 + 0*j + 8*j**2 - 1/6*j**3 - 1/24*j**4. Suppose -4*d - 18 = -2*o + 7*o, -3*o - 5*d - 3 = 0. What is a(o)?
5
Let z(r) = 2*r**2 - 2*r + r + 2 - 3 + r**3. Let s(n) = n**3 + n**2 + 2*n + 5. Let t be s(-2). What is z(t)?
-7
Let z(j) = -3*j**2 - 4*j - 2. Suppose -3*f = -2*f - 4*s - 12, -3*f = -5*s - 15. Let h(l) = -l**2 - 18*l + 21. Let t be h(-19). Suppose f = v + t. Give z(v).
-6
Let y(q) = -5*q - 3 - q**3 + 7 + 91*q**2 - 86*q**2. Determine y(3).
7
Suppose 0 = -4*b + 5*d - 2*d - 2, 5*b = -4*d + 13. Let u(z) = -z - 1. Let j(c) = -3*c**2 - 5*c - 3. Let o(a) = j(a) - 4*u(a). Give o(b).
-3
Suppose 3*t = -t. Let s(h) be the third derivative of -1/12*h**4 - 1/12*h**5 + t - 3*h**2 + 1/120*h**6 + 5/6*h**3 + 0*h. Give s(5).
-5
Let y(c) = -c**3 - c**2 - 7. Let m be ((-6)/18)/(2/30). Let r(w) = -w**2 - w - 4*w + 0*w. Let t be r(m). Calculate y(t).
-7
Let p(y) be the second derivative of y**7/2520 + y**4/3 + y. Let b(i) be the third derivative of p(i). What is b(2)?
4
Let l(f) = 4*f - 5 - 8*f + 41*f**2 - 46*f**2 - f**3. Let y(g) = g. Let d be y(-4). What is l(d)?
-5
Let o(v) be the first derivative of v**2/2 + 4*v + 33. Determine o(-6).
-2
Let n(m) = 11*m + 19*m - 31*m - 2. Give n(-2).
0
Let l(x) = 7*x**2 - x + 2. Let w(h) = -h + 0*h + 14*h**2 + 5 - h. Let o(q) = -5*l(q) + 2*w(q). Determine o(-1).
-8
Let o(t) be the second derivative of -1/6*t**3 + 1/12*t**4 - t - t**2 + 0. Give o(3).
4
Let o(z) be the third derivative of -z**6/120 + z**5/30 - z**4/24 + z**3/6 - 6*z**2. Calculate o(1).
1
Let m(z) = 3*z**3 + 6*z**2 + 4*z - 4. Let g(x) = 2*x**3 + 6*x**2 + 3*x - 5. Let n = 3 + 1. Let p(s) = n*g(s) - 3*m(s). Determine p(6).
-8
Let z(b) = b + 2. Let f(u) = -2*u + 8. Let w(p) = -3*p + 9. Let v(k) = 4*f(k) - 3*w(k). Let x(y) = 4*v(y) - 7*z(y). Give x(5).
-9
Let o(a) = a + 1. Suppose 0 = -5*g - 18 - 12. Give o(g).
-5
Suppose 4 + 2 = 3*x. Let n(t) = 2 - t + x*t + 0*t - 2*t. Give n(-2).
4
Let b(r) = r**2 + 2*r - 3. Suppose -w - 3*x - 19 + 1 = 0, 0 = -4*w - 2*x - 22. Determine b(w).
0
Let n(r) = 0*r + 4*r**2 + 4 - 3*r + r**3 + 3. What is n(-5)?
-3
Suppose -2*q - 3*q = -20. Let r(x) = x + 2. Let l(g) = g + 1. Let w(u) = q*r(u) - 9*l(u). Let k = 1 + 1. Determine w(k).
-11
Let a(b) = -b - 10. Let s be a(-10). Let o(u) = -u**3 + s*u + 2*u - 1 - u. Let w = 6 - 6. Give o(w).
-1
Let w(j) = 25*j**3 + 22*j**3 + 2*j + 1 + j**2 + 28*j**3 - 69*j**3. Suppose -c - 2*c = 3. Determine w(c).
-6
Let h(v) be the first derivative of 14*v**3/3 - 5. What is h(-1)?
14
Let p(b) = 2*b**3 - 4*b**3 + 11*b**2 + 58 - 63 + b**3 - 10*b. What is p(10)?
-5
Suppose -2*b - 2*b = -80. Suppose -5*z = -b, 7*t + 3*z = 2*t + 42. Let d(h) = -h + 6. Determine d(t).
0
Let k(y) = -y**2 + 4*y - 1. Let f be (1 - -2 - -1) + 0. Let r be f/(12/21) - 3. What is k(r)?
-1
Let v(d) be the first derivative of d**3/3 - 3*d**2 + 4*d - 6. What is v(6)?
4
Let m be (-10)/(-45) - (-11)/(-9). Let f be (-2)/4 + (-9)/(-2). Let y(d) = -d. Let n(w) = -2*w + 3. Let c(h) = f*y(h) + m*n(h). What is c(4)?
-11
Let c(r) = r**2 + 5*r - 1. Let o = 60 - 62. Suppose 5*j - 2 = 3*x + 16, -2*x - 12 = -j. Let n be x + (-5 + 3 - o). Give c(n).
5
Let c(r) = 6*r + 2. Let y(i) = 3*i + 1. Let s(l) = -2*c(l) + 5*y(l). Give s(4).
13
Suppose -4*o - 9 = -41. Let q(p) = -3*p + 9. Let l(v) = -v + 2 + 0 + 1. Let k(z) = o*l(z) - 3*q(z). Determine k(5).
2
Let i(g) = g**3 - g + 1. Let d(v) = -5*v**3 - 6*v**2 + 4*v + 1. Let o(h) = d(h) + 4*i(h). Give o(-6).
5
Let q(u) = -7*u - 1. Let i(m) = -m**3 - 10*m**2 - 10*m - 6. Let k be i(-9). Let t be 4/(-6)*k/(-2). Let b be -2 + 1 + 1 + t. Calculate q(b).
-8
Let v(z) = -7*z + z + 5*z + 2*z. Calculate v(-3).
-3
Let y(g) = -7*g - 95 + 4*g + 99 + 2*g. Determine y(6).
-2
Let m(s) be the first derivative of -s**3/3 + 3*s**2/2 - 3*s - 1. Let q(n) = -2*n**2 - 17*n - 6. Let h be q(-8). Give m(h).
-1
Let h(g) = -g**3 - 2*g**2 - g - 2. Let u(z) = z**2 + 5*z - 2. Let b be u(-5). What is h(b)?
0
Let m(k) = k**2 + 5*k + 1. Suppose 5*h = 4*h - 4. Let f be 18/h + (-3)/(-6). What is m(f)?
-3
Let d(g) = -g**2 - 6*g - 9. Suppose 0 = -o + s - 6, -5*o - s = -5*